n divisor of 407900 and 1100.
100
Calculate the greatest common divisor of 2383164 and 12.
12
What is the greatest common divisor of 12 and 34116?
12
Calculate the greatest common divisor of 9 and 7619283.
9
Calculate the highest common divisor of 15 and 419.
1
What is the greatest common factor of 1021873 and 667?
29
What is the greatest common factor of 1438735 and 5?
5
What is the highest common factor of 66 and 82588?
22
What is the greatest common factor of 60 and 59448?
12
Calculate the highest common divisor of 483 and 209139.
483
Calculate the greatest common divisor of 621 and 149109.
69
What is the highest common factor of 819 and 3627?
117
Calculate the highest common divisor of 39269 and 321.
107
Calculate the highest common divisor of 43184 and 144.
16
What is the greatest common factor of 204 and 7962?
6
Calculate the greatest common factor of 368 and 33580.
92
Calculate the greatest common factor of 38024 and 42680.
776
What is the highest common factor of 18705 and 3480?
435
What is the highest common divisor of 697 and 2665?
41
What is the highest common factor of 240 and 6870?
30
What is the highest common divisor of 191485 and 70?
35
Calculate the highest common factor of 1639792 and 56.
56
What is the greatest common factor of 1335 and 1167858?
267
What is the greatest common divisor of 672 and 62790?
42
What is the greatest common factor of 314580 and 21?
21
Calculate the highest common factor of 97603 and 19.
19
Calculate the greatest common divisor of 1635 and 7739.
109
What is the greatest common divisor of 202073 and 3563?
509
What is the highest common factor of 14383 and 585161?
757
Calculate the greatest common factor of 990 and 43164.
198
What is the highest common factor of 4688 and 152?
8
What is the highest common factor of 2 and 7069?
1
What is the greatest common factor of 39 and 37141?
13
Calculate the greatest common factor of 20 and 11078330.
10
What is the greatest common factor of 301 and 2387?
7
What is the greatest common divisor of 564 and 39668?
188
Calculate the highest common divisor of 4892 and 725239.
1223
Calculate the highest common factor of 458626 and 1148.
574
What is the greatest common factor of 424816 and 112?
112
What is the greatest common divisor of 3397476 and 744?
372
Calculate the greatest common factor of 61 and 1569225.
61
Calculate the greatest common factor of 2736 and 31559.
19
Calculate the greatest common divisor of 10256 and 464.
16
What is the greatest common factor of 999 and 4212?
27
Calculate the highest common factor of 10229 and 8299.
193
What is the highest common factor of 40 and 53190?
10
Calculate the greatest common divisor of 180 and 39140.
20
Calculate the greatest common factor of 2409 and 6059.
73
Calculate the highest common factor of 50608 and 16.
16
What is the highest common divisor of 23618 and 18316?
482
Calculate the highest common factor of 70 and 41510.
70
Calculate the highest common divisor of 4766 and 2.
2
Calculate the greatest common divisor of 571 and 664073.
571
What is the greatest common divisor of 280278 and 414?
414
What is the greatest common factor of 721989 and 18?
9
Calculate the highest common divisor of 22321 and 102.
17
What is the highest common divisor of 915 and 47885?
305
What is the highest common divisor of 4 and 95068?
4
What is the highest common divisor of 184422 and 14?
14
What is the greatest common factor of 20311 and 10564?
19
Calculate the greatest common divisor of 4563 and 247.
13
Calculate the highest common divisor of 167921 and 104.
13
What is the greatest common divisor of 8043 and 17661?
21
Calculate the highest common divisor of 1740 and 21663.
87
What is the greatest common factor of 10485 and 675?
45
What is the greatest common divisor of 4 and 38524?
4
What is the greatest common divisor of 51 and 121006?
17
Calculate the highest common factor of 37204 and 2096.
524
What is the highest common divisor of 4035 and 3795?
15
Calculate the greatest common factor of 208 and 642512.
208
Calculate the greatest common factor of 41978 and 1510.
302
Calculate the highest common factor of 4446 and 4173.
39
What is the greatest common divisor of 37064 and 16272?
904
What is the highest common divisor of 46908 and 18?
18
What is the highest common divisor of 3304 and 17051?
59
What is the highest common factor of 35061 and 93?
93
Calculate the greatest common divisor of 1682436 and 84.
84
What is the highest common factor of 1188146 and 152?
38
What is the greatest common divisor of 4662 and 369747?
63
What is the greatest common factor of 2781 and 84048?
309
Calculate the highest common factor of 2852 and 6200.
124
What is the greatest common divisor of 2298 and 2924588?
766
What is the greatest common factor of 1694 and 4368?
14
What is the highest common divisor of 39 and 516711?
39
What is the greatest common factor of 4351346 and 62?
62
Calculate the highest common factor of 381 and 56134.
127
Calculate the greatest common factor of 2392 and 312.
104
What is the greatest common divisor of 68681 and 346?
173
Calculate the highest common factor of 414 and 4284.
18
Calculate the highest common factor of 76 and 77957.
19
What is the greatest common divisor of 168777 and 819?
63
Calculate the highest common divisor of 299718 and 6.
6
What is the highest common factor of 2176 and 96662?
34
What is the greatest common divisor of 4077 and 4239?
27
Calculate the greatest common divisor of 3060 and 192.
12
What is the greatest common divisor of 7 and 380996?
7
Calculate the highest common factor of 49 and 287.
7
What is the greatest common factor of 36348 and 182?
26
Calculate the highest common factor of 9130 and 12540.
110
Calculate the greatest common factor of 176 and 626406.
22
Calculate the highest common divisor of 12813 and 3.
3
Calculate the greatest common factor of 61 and 2309.
1
What is the greatest common factor of 135 and 10341?
27
What is the greatest common factor of 62694 and 16641?
387
What is the highest common divisor of 8748 and 1353?
3
What is the greatest common divisor of 54 and 10743489?
27
Calculate the highest common divisor of 147174 and 57.
57
Calculate the highest common factor of 6307 and 19516.
119
Calculate the greatest common factor of 16600 and 775.
25
Calculate the greatest common divisor of 38165 and 23885.
85
What is the highest common factor of 750 and 10800?
150
What is the greatest common factor of 251317 and 682?
341
What is the highest common divisor of 174709 and 129?
43
What is the greatest common divisor of 30433 and 104?
13
Calculate the highest common factor of 14085 and 45.
45
Calculate the greatest common divisor of 75136 and 896.
128
What is the greatest common divisor of 438 and 3066?
438
What is the highest common factor of 16958 and 59902?
122
What is the highest common factor of 56 and 2284408?
56
Calculate the greatest common divisor of 218856 and 528.
264
Calculate the greatest common divisor of 190 and 30685.
95
What is the greatest common factor of 10 and 795020?
10
Calculate the highest common factor of 1899 and 5787.
9
Calculate the greatest common factor of 2254 and 40670.
98
Calculate the highest common factor of 40 and 887816.
8
What is the highest common divisor of 1150 and 127144?
46
What is the highest common factor of 46 and 10482?
2
What is the greatest common divisor of 1005015 and 22?
11
Calculate the greatest common factor of 48 and 792888.
24
What is the greatest common factor of 62139 and 154?
77
What is the greatest common divisor of 10396 and 14916?
452
Calculate the greatest common factor of 774 and 834.
6
Calculate the highest common factor of 5102 and 2.
2
Calculate the greatest common factor of 25160 and 360.
40
What is the highest common factor of 49745 and 235?
5
What is the highest common divisor of 21188 and 2?
2
What is the highest common factor of 3736521 and 9?
9
What is the greatest common factor of 42 and 11746?
14
Calculate the greatest common divisor of 36 and 34308.
36
Calculate the highest common factor of 469028 and 1764.
196
What is the greatest common divisor of 110587 and 14?
1
Calculate the highest common factor of 2002539 and 693.
231
What is the highest common divisor of 7254 and 51584?
806
What is the highest common divisor 